{"id":296,"date":"2019-04-06T07:49:52","date_gmt":"2019-04-06T07:49:52","guid":{"rendered":"http:\/\/wp.seeforyourself.at\/?page_id=296"},"modified":"2019-04-06T21:05:49","modified_gmt":"2019-04-06T19:05:49","slug":"rechtliche-hinweise","status":"publish","type":"page","link":"https:\/\/www.seeforyourself.at\/index.php\/rechtliche-hinweise\/","title":{"rendered":"Rechtliche Hinweise"},"content":{"rendered":"<p aria-level=\"1\"><span data-contrast=\"auto\">DISCLAIMER \u2013 RECHTLICHE HINWEISE<\/span><span data-ccp-props='{\"201341983\":0,\"335559739\":0,\"335559740\":240}'>&nbsp;<\/span><\/p>\n<ol>\n<li><span data-contrast=\"auto\"> Haftungsbeschr\u00e4nkung<\/span><\/li>\n<\/ol>\n<p><span data-ccp-props='{\"201341983\":0,\"335559739\":0,\"335559740\":240}'>&nbsp;<\/span><span data-contrast=\"auto\">Die Inhalte des Internetauftritts wurden mit gr\u00f6\u00dftm\u00f6glicher Sorgfalt und nach bestem Gewissen erstellt. Dennoch \u00fcbernimmt der Anbieter dieser Webseite keine Gew\u00e4hr f\u00fcr die Aktualit\u00e4t, Vollst\u00e4ndigkeit und Richtigkeit der bereitgestellten Seiten und Inhalte.<\/span><span data-ccp-props='{\"201341983\":0,\"335559739\":0,\"335559740\":240}'>&nbsp;<\/span><\/p>\n<p><span data-ccp-props='{\"201341983\":0,\"335559739\":0,\"335559740\":240}'>&nbsp;<\/span><span data-contrast=\"auto\">Als Diensteanbieter ist der Anbieter dieser Webseite gem\u00e4\u00df \u00a7 7 Abs. 1 TMG f\u00fcr eigene Inhalte und bereitgestellte Informationen auf diesen Seiten nach den allgemeinen Gesetzen verantwortlich; nach den \u00a7\u00a7 8 bis 10 TMG jedoch nicht verpflichtet, die \u00fcbermittelten oder gespeicherten fremden Informationen zu \u00fcberwachen. Eine Entfernung oder Sperrung dieser Inhalte <\/span><span data-contrast=\"auto\">erfolgt<\/span><span data-contrast=\"auto\"> umgehend ab dem Zeitpunkt der Kenntnis einer konkreten Rechtsverletzung. Eine Haftung ist erst ab dem Zeitpunkt der Kenntniserlangung m\u00f6glich.<\/span><span data-ccp-props='{\"201341983\":0,\"335559739\":0,\"335559740\":240}'>&nbsp;<\/span><\/p>\n<p><span data-ccp-props='{\"201341983\":0,\"335559739\":0,\"335559740\":240}'>&nbsp;<\/span><span data-contrast=\"auto\">Externe Links<\/span><\/p>\n<p><span data-ccp-props='{\"201341983\":0,\"335559739\":0,\"335559740\":240}'>&nbsp;<\/span><span data-contrast=\"auto\">Die Webseite enth\u00e4lt sog. \u201eexterne Links\u201c (Verlinkungen) zu anderen Webseiten, auf deren Inhalt der Anbieter der Webseite keinen Einfluss hat. Aus diesem Grund kann der Anbieter f\u00fcr diese Inhalte auch keine Gew\u00e4hr \u00fcbernehmen.<\/span><span data-ccp-props='{\"201341983\":0,\"335559739\":0,\"335559740\":240}'>&nbsp;<\/span><\/p>\n<p><span data-ccp-props='{\"201341983\":0,\"335559739\":0,\"335559740\":240}'>&nbsp;<\/span><span data-contrast=\"auto\">F\u00fcr die Inhalte und Richtigkeit der bereitgestellten Informationen ist der jeweilige Anbieter der verlinkten Webseite verantwortlich. Zum Zeitpunkt der Verlinkung waren keine Rechtsverst\u00f6\u00dfe erkennbar. Bei Bekanntwerden einer solchen Rechtsverletzung wird der Link umgehend entfernen.<\/span><span data-ccp-props='{\"201341983\":0,\"335559739\":0,\"335559740\":240}'>&nbsp;<\/span><\/p>\n<p><span data-ccp-props='{\"201341983\":0,\"335559739\":0,\"335559740\":240}'>&nbsp;<\/span><span data-contrast=\"auto\">Urheberrecht\/Leistungsschutzrecht<\/span><\/p>\n<p><span data-ccp-props='{\"201341983\":0,\"335559739\":0,\"335559740\":240}'>&nbsp;<\/span><span data-contrast=\"auto\">Die auf dieser Webseite ver\u00f6ffentlichten Inhalte, Werke und bereitgestellten Informationen unterliegen dem deutschen Urheberrecht und Leistungsschutzrecht. Jede Art der Vervielf\u00e4ltigung, Bearbeitung, Verbreitung, Einspeicherung und jede Art der Verwertung au\u00dferhalb der Grenzen des Urheberrechts bedarf der vorherigen schriftlichen Zustimmung des jeweiligen Rechteinhabers. Das unerlaubte Kopieren\/Speichern der bereitgestellten Informationen auf diesen Webseiten ist nicht gestattet und strafbar.<\/span><span data-ccp-props='{\"201341983\":0,\"335559739\":0,\"335559740\":240}'>&nbsp;<\/span><\/p>\n<p><span data-ccp-props='{\"201341983\":0,\"335559739\":0,\"335559740\":240}'>&nbsp;<\/span><span data-contrast=\"auto\">Datenschutz<\/span><\/p>\n<p><span data-ccp-props='{\"201341983\":0,\"335559739\":0,\"335559740\":240}'>&nbsp;<\/span><span data-contrast=\"auto\">Durch den Besuch des Internetauftritts k\u00f6nnen Informationen (Datum, Uhrzeit, aufgerufene Seite) \u00fcber den Zugriff auf dem Server gespeichert werden. Es werden keine <\/span><span data-contrast=\"auto\">personenbezogenenen<\/span><span data-contrast=\"auto\"> (z. B. Name, Anschrift oder E-Mail-Adresse) Daten, gespeichert.<\/span><span data-ccp-props='{\"201341983\":0,\"335559739\":0,\"335559740\":240}'>&nbsp;<\/span><\/p>\n<p><span data-ccp-props='{\"201341983\":0,\"335559739\":0,\"335559740\":240}'>&nbsp;<\/span><span data-contrast=\"auto\">Sofern personenbezogene Daten erhoben werden, erfolgt dies, sofern m\u00f6glich, nur mit dem vorherigen Einverst\u00e4ndnis des Nutzers der Webseite. Eine Weitergabe der Daten an Dritte findet ohne ausdr\u00fcckliche Zustimmung des Nutzers nicht statt.<\/span><span data-ccp-props='{\"201341983\":0,\"335559739\":0,\"335559740\":240}'>&nbsp;<\/span><\/p>\n<p><span data-ccp-props='{\"201341983\":0,\"335559739\":0,\"335559740\":240}'>&nbsp;<\/span><span data-contrast=\"auto\">Der Anbieter weist darauf hin, dass die \u00dcbertragung von Daten im Internet (z. B. per E-Mail) Sicherheitsl\u00fccken aufweisen und ein l\u00fcckenloser Schutz der Daten vor dem Zugriff Dritter nicht gew\u00e4hrleistet werden kann. Der Anbieter \u00fcbernimmt keine Haftung f\u00fcr die durch solche Sicherheitsl\u00fccken entstandenen Sch\u00e4den.<\/span><span data-ccp-props='{\"201341983\":0,\"335559739\":0,\"335559740\":240}'>&nbsp;<\/span><\/p>\n<p><span data-ccp-props='{\"201341983\":0,\"335559739\":0,\"335559740\":240}'>&nbsp;<\/span><span data-contrast=\"auto\">Der Verwendung der Kontaktdaten durch Dritte zur gewerblichen Nutzung wird ausdr\u00fccklich widersprochen. Es sei denn, der Anbieter hat zuvor seine schriftliche Einwilligung erteilt.<\/span><span data-ccp-props='{\"201341983\":0,\"335559739\":0,\"335559740\":240}'>&nbsp;<\/span><\/p>\n<p><span data-ccp-props='{\"201341983\":0,\"335559739\":0,\"335559740\":240}'>&nbsp;<\/span><span data-contrast=\"auto\">Der Anbieter beh\u00e4lt sich rechtliche Schritte f\u00fcr den Fall der unverlangten Zusendung von Werbeinforma<\/span><span data-contrast=\"auto\">tionen, z. B. durch Spam-Mails, vor.<\/span><span data-ccp-props='{\"201341983\":0,\"335559739\":0,\"335559740\":240}'>&nbsp;<\/span><\/p>\n","protected":false},"excerpt":{"rendered":"<p>DISCLAIMER \u2013 RECHTLICHE HINWEISE&nbsp; Haftungsbeschr\u00e4nkung &nbsp;Die Inhalte des Internetauftritts wurden mit gr\u00f6\u00dftm\u00f6glicher Sorgfalt und nach bestem Gewissen erstellt. Dennoch \u00fcbernimmt der Anbieter dieser Webseite keine Gew\u00e4hr f\u00fcr die Aktualit\u00e4t, Vollst\u00e4ndigkeit und Richtigkeit der bereitgestellten Seiten und Inhalte.&nbsp; &nbsp;Als Diensteanbieter ist der Anbieter dieser Webseite gem\u00e4\u00df \u00a7 7 Abs. 1 TMG f\u00fcr eigene Inhalte und bereitgestellte &hellip; <\/p>\n<p class=\"link-more\"><a href=\"https:\/\/www.seeforyourself.at\/index.php\/rechtliche-hinweise\/\" class=\"more-link\"><span class=\"screen-reader-text\">\u201eRechtliche Hinweise\u201c<\/span> weiterlesen<\/a><\/p>\n","protected":false},"author":2,"featured_media":0,"parent":0,"menu_order":0,"comment_status":"closed","ping_status":"closed","template":"","meta":{"ngg_post_thumbnail":0},"yoast_head":"<!-- This site is optimized with the Yoast SEO plugin v15.8 - https:\/\/yoast.com\/wordpress\/plugins\/seo\/ -->\n<title>Rechtliche Hinweise - Georg Breiner<\/title>\n<meta name=\"robots\" content=\"index, follow, max-snippet:-1, max-image-preview:large, max-video-preview:-1\" \/>\n<link rel=\"canonical\" href=\"https:\/\/www.seeforyourself.at\/index.php\/rechtliche-hinweise\/\" \/>\n<meta property=\"og:locale\" content=\"de_DE\" \/>\n<meta property=\"og:type\" content=\"article\" \/>\n<meta property=\"og:title\" content=\"Rechtliche Hinweise - Georg Breiner\" \/>\n<meta property=\"og:description\" content=\"DISCLAIMER \u2013 RECHTLICHE HINWEISE&nbsp; Haftungsbeschr\u00e4nkung &nbsp;Die Inhalte des Internetauftritts wurden mit gr\u00f6\u00dftm\u00f6glicher Sorgfalt und nach bestem Gewissen erstellt. Dennoch \u00fcbernimmt der Anbieter dieser Webseite keine Gew\u00e4hr f\u00fcr die Aktualit\u00e4t, Vollst\u00e4ndigkeit und Richtigkeit der bereitgestellten Seiten und Inhalte.&nbsp; &nbsp;Als Diensteanbieter ist der Anbieter dieser Webseite gem\u00e4\u00df \u00a7 7 Abs. 1 TMG f\u00fcr eigene Inhalte und bereitgestellte &hellip; \u201eRechtliche Hinweise\u201c weiterlesen\" \/>\n<meta property=\"og:url\" content=\"https:\/\/www.seeforyourself.at\/index.php\/rechtliche-hinweise\/\" \/>\n<meta property=\"og:site_name\" content=\"Georg Breiner\" \/>\n<meta property=\"article:modified_time\" content=\"2019-04-06T19:05:49+00:00\" \/>\n<meta name=\"twitter:card\" content=\"summary_large_image\" \/>\n<meta name=\"twitter:label1\" content=\"Gesch\u00e4tzte Lesezeit\">\n\t<meta name=\"twitter:data1\" content=\"2 Minuten\">\n<script type=\"application\/ld+json\" class=\"yoast-schema-graph\">{\"@context\":\"https:\/\/schema.org\",\"@graph\":[{\"@type\":\"WebSite\",\"@id\":\"http:\/\/www.seeforyourself.at\/#website\",\"url\":\"http:\/\/www.seeforyourself.at\/\",\"name\":\"Seeforyourself\",\"description\":\"See For Yourself\",\"potentialAction\":[{\"@type\":\"SearchAction\",\"target\":\"http:\/\/www.seeforyourself.at\/?s={search_term_string}\",\"query-input\":\"required name=search_term_string\"}],\"inLanguage\":\"de-DE\"},{\"@type\":\"WebPage\",\"@id\":\"https:\/\/www.seeforyourself.at\/index.php\/rechtliche-hinweise\/#webpage\",\"url\":\"https:\/\/www.seeforyourself.at\/index.php\/rechtliche-hinweise\/\",\"name\":\"Rechtliche Hinweise - Georg Breiner\",\"isPartOf\":{\"@id\":\"http:\/\/www.seeforyourself.at\/#website\"},\"datePublished\":\"2019-04-06T07:49:52+00:00\",\"dateModified\":\"2019-04-06T19:05:49+00:00\",\"breadcrumb\":{\"@id\":\"https:\/\/www.seeforyourself.at\/index.php\/rechtliche-hinweise\/#breadcrumb\"},\"inLanguage\":\"de-DE\",\"potentialAction\":[{\"@type\":\"ReadAction\",\"target\":[\"https:\/\/www.seeforyourself.at\/index.php\/rechtliche-hinweise\/\"]}]},{\"@type\":\"BreadcrumbList\",\"@id\":\"https:\/\/www.seeforyourself.at\/index.php\/rechtliche-hinweise\/#breadcrumb\",\"itemListElement\":[{\"@type\":\"ListItem\",\"position\":1,\"item\":{\"@type\":\"WebPage\",\"@id\":\"http:\/\/www.seeforyourself.at\/\",\"url\":\"http:\/\/www.seeforyourself.at\/\",\"name\":\"Home\"}},{\"@type\":\"ListItem\",\"position\":2,\"item\":{\"@type\":\"WebPage\",\"@id\":\"https:\/\/www.seeforyourself.at\/index.php\/rechtliche-hinweise\/\",\"url\":\"https:\/\/www.seeforyourself.at\/index.php\/rechtliche-hinweise\/\",\"name\":\"Rechtliche Hinweise\"}}]}]}<\/script>\n<!-- \/ Yoast SEO plugin. -->","_links":{"self":[{"href":"https:\/\/www.seeforyourself.at\/index.php\/wp-json\/wp\/v2\/pages\/296"}],"collection":[{"href":"https:\/\/www.seeforyourself.at\/index.php\/wp-json\/wp\/v2\/pages"}],"about":[{"href":"https:\/\/www.seeforyourself.at\/index.php\/wp-json\/wp\/v2\/types\/page"}],"author":[{"embeddable":true,"href":"https:\/\/www.seeforyourself.at\/index.php\/wp-json\/wp\/v2\/users\/2"}],"replies":[{"embeddable":true,"href":"https:\/\/www.seeforyourself.at\/index.php\/wp-json\/wp\/v2\/comments?post=296"}],"version-history":[{"count":1,"href":"https:\/\/www.seeforyourself.at\/index.php\/wp-json\/wp\/v2\/pages\/296\/revisions"}],"predecessor-version":[{"id":297,"href":"https:\/\/www.seeforyourself.at\/index.php\/wp-json\/wp\/v2\/pages\/296\/revisions\/297"}],"wp:attachment":[{"href":"https:\/\/www.seeforyourself.at\/index.php\/wp-json\/wp\/v2\/media?parent=296"}],"curies":[{"name":"wp","href":"https:\/\/api.w.org\/{rel}","templated":true}]}}