{"id":615,"date":"2019-09-18T23:40:27","date_gmt":"2019-09-18T21:40:27","guid":{"rendered":"https:\/\/www.seeforyourself.at\/?page_id=615"},"modified":"2019-09-18T23:53:38","modified_gmt":"2019-09-18T21:53:38","slug":"allgemeine-geschaeftsbedingungen-coaching-beratung","status":"publish","type":"page","link":"https:\/\/www.seeforyourself.at\/index.php\/allgemeine-geschaeftsbedingungen-coaching-beratung\/","title":{"rendered":"Allgemeine Gesch\u00e4ftsbedingungen Coaching &#038; Beratung"},"content":{"rendered":"<p>1. Allgemeines<br \/>\nGeorg Breiner f\u00fchrt als Auftragnehmer (AN) Coaching und Beratung gem\u00e4\u00df diesen Allgemeinen Gesch\u00e4ftsbedingungen (AGB) f\u00fcr den Klienten als Auftraggeber (AG) durch. Mit der Beauftragung gelten diese Bedingungen als angenommen. Abweichungen von diesen AGB m\u00fcssen schriftlich vereinbart werden. Die von AG und AN abgeschlossenen Vertr\u00e4ge sind Dienstvertr\u00e4ge, sofern nicht ausdr\u00fccklich etwas anderes vereinbart wird. Gegenstand des Vertrages ist daher die Erbringung der vereinbarten Leistungen, nicht die Herbeif\u00fchrung eines bestimmten Erfolges. Insbesondere schuldet AN nicht ein bestimmtes wirtschaftliches Ergebnis. Die Stellungnahmen und Empfehlungen von AN bereiten die unternehmerische Entscheidung des AG vor. Sie k\u00f6nnen sie in keinem Fall ersetzen. AN ist berechtigt, Hilfskr\u00e4fte, sachverst\u00e4ndige Dritte und andere Erf\u00fcllungsgehilfen zur Durchf\u00fchrung eines Beratungsvertrages heranzuziehen. Beratungsleistungen in Rechts- und Steuerfragen werden von AN auf Grund der geltenden Bestimmungen weder zugesagt noch erbracht. &nbsp;AN erbringt Beratungsleistungen auf der Grundlage der von AG oder seinen Beauftragten zur Verf\u00fcgung gestellten Daten und Informationen. Diese werden von AN nur bedingt auf Plausibilit\u00e4t \u00fcberpr\u00fcft. Die Gew\u00e4hr f\u00fcr ihre sachliche Richtigkeit und f\u00fcr ihre Vollst\u00e4ndigkeit liegt bei AG.<\/p>\n<p>2. Angebote, Honorare<br \/>\nDie Angebote sind freibleibend. \u00c4nderungen vorbehalten. Alle Honorare verstehen sich in Euro.<br \/>\nF\u00fcr Coaching- und Beratungsleistungen werden die angebotenen Honorare berechnet. Findet das Coaching bzw. die Beratung au\u00dferhalb Wiens statt, werden zus\u00e4tzlich Reise- und \u00dcbernachtungskosten in angemessenem Rahmen berechnet.<br \/>\nSolange keine Kostenzusage von anderer Stelle vorliegt, gilt AG als Schuldner des Coaching- bzw. Beratungs-Honorars. Eigenanteile f\u00fcr gef\u00f6rderte Coaching- Pakete sind vor der ersten Stunde zu bezahlen. Honorare sind, wenn nichts anderes vereinbart wurde, sofort nach Rechnungsstellung und ohne Abzug f\u00e4llig. Die Zur\u00fcckbehaltung von Honoraren und\/oder die Aufrechnung sind nur zul\u00e4ssig, wenn die Anspr\u00fcche von AN anerkannt oder rechtskr\u00e4ftig festgestellt sind.<\/p>\n<p>3. Absage eines Termins<br \/>\nEine kostenfreie Absage der Coaching- bzw. Beratungs-Sitzung ist bis 24 Stunden vor dem Termin m\u00f6glich, bei Montagsterminen bis Freitag 13.00 Uhr, danach wird das Honorar in voller H\u00f6he f\u00e4llig. Mit der Vereinbarung eines Termins zum Erstgespr\u00e4ch akzeptiert AG diese Regelung.<\/p>\n<p>4. Copyright<br \/>\nAlle an AG ausgeh\u00e4ndigten Unterlagen sind, soweit nichts anderes vereinbart ist, in der vereinbarten Verg\u00fctung enthalten. Das Urheberrecht an den Unterlagen geh\u00f6rt AG, sofern nichts anderes auf den Unterlagen vermerkt ist. AG ist es nicht gestattet, Unterlagen ohne schriftliche Zustimmung von AN ganz oder auszugsweise zu reproduzieren und\/oder Dritten auch nicht unentgeltlich zug\u00e4nglich zu machen.<\/p>\n<p>5. Versicherungsschutz<br \/>\nAG tr\u00e4gt die volle Verantwortung f\u00fcr sich und seine Handlungen innerhalb und au\u00dferhalb der Coaching-Sitzungen und kommt f\u00fcr eventuell verursachte Sch\u00e4den selbst auf. Coaching ist keine Psychotherapie und kann diese nicht ersetzen. Die Teilnahme setzt eine normale psychische und physische Belastbarkeit voraus. Veranstalter von Team-Coachings, Seminaren, Workshops usw. ist immer AG. Die Teilnehmer haben deshalb keinen Versicherungsschutz durch AN.<\/p>\n<p>6. Haftung<br \/>\nDie Informationen und Ratschl\u00e4ge in Coaching-Sitzungen sowie in allen Dokumentationen sind durch den Coach sorgf\u00e4ltig erwogen und gepr\u00fcft. Bei der T\u00e4tigkeit von AN handelt es sich um eine reine Dienstleistungst\u00e4tigkeit. Ein Erfolg ist daher nicht geschuldet. Eine Haftung wird ausgeschlossen. Der Versand bzw. die elektronische \u00dcbertragung jeglicher Daten erfolgt auf Gefahr von AG. Jegliche Haftung f\u00fcr die ordnungsgem\u00e4\u00dfe Erbringung der Leistungen nach \u00a7 1 des Beratungsvertrages ist auf die Partnerschaft und auf den jeweiligen Leistungserbringer begrenzt. Im Falle einer mangelbehafteten Leistung ist AN nach angemessener M\u00e4ngelr\u00fcge zur Nachbesserung berechtigt. Bei zweimaligem Fehlschlagen der Nachbesserung stehen AG die gesetzlichen Rechte zu.<\/p>\n<p>7.Vertraulichkeit<br \/>\nAN verpflichtet sich, \u00fcber alle im Rahmen der T\u00e4tigkeit bekannt gewordenen betrieblichen, gesch\u00e4ftlichen und privaten Angelegenheiten von AG auch nach der Beendigung des Vertrages unbegrenzt Stillschweigen gegen\u00fcber Dritten zu bewahren. Dar\u00fcber hinaus verpflichtet sich AN, die zum Zwecke der Beratert\u00e4tigkeit \u00fcberlassenen Unterlagen sorgf\u00e4ltig zu verwahren und gegen Einsichtnahme Dritter zu sch\u00fctzen.<\/p>\n<p>8. Mitwirkungspflicht von AG<br \/>\nDas Coaching erfolgt auf der Grundlage der zwischen den Parteien gef\u00fchrten vorbereitenden Gespr\u00e4che. Es beruht auf Kooperation und gegenseitigem Vertrauen. AN m\u00f6chte in diesem Zusammenhang darauf aufmerksam machen, dass Coaching ein freier, aktiver und selbstverantwortlicher Prozess ist und bestimmte Erfolge nicht garantiert werden k\u00f6nnen. AN steht AG als Prozessbegleiter und Unterst\u00fctzung bei Entscheidungen und Ver\u00e4nderungen zur Seite &#8211; die eigentliche Ver\u00e4nderungsarbeit wird von AG geleistet. AG muss daher bereit und offen sein, sich mit sich selbst und seiner Situation auseinanderzusetzen.<\/p>\n<p>9.Schlussbestimmung<br \/>\nSollten einzelne Bestimmungen des Vertrages mit AG einschlie\u00dflich dieser Allgemeinen Gesch\u00e4ftsbedingungen ganz oder teilweise unwirksam sein oder werden, so wird hier durch die G\u00fcltigkeit der \u00fcbrigen Bestimmungen nicht ber\u00fchrt. Die ganz oder teilweise unwirksame Regelung soll durch eine Regelung ersetzt werden, deren wirtschaftlicher Erfolg dem der unwirksamen m\u00f6glichst nahe kommt.<\/p>\n<p>10. Gerichtsstand<br \/>\nGerichtstand ist das zust\u00e4ndige Handelsgericht Wien. Es gilt das Recht der Republik \u00d6sterreich.<\/p>\n","protected":false},"excerpt":{"rendered":"<p>1. Allgemeines Georg Breiner f\u00fchrt als Auftragnehmer (AN) Coaching und Beratung gem\u00e4\u00df diesen Allgemeinen Gesch\u00e4ftsbedingungen (AGB) f\u00fcr den Klienten als Auftraggeber (AG) durch. Mit der Beauftragung gelten diese Bedingungen als angenommen. Abweichungen von diesen AGB m\u00fcssen schriftlich vereinbart werden. Die von AG und AN abgeschlossenen Vertr\u00e4ge sind Dienstvertr\u00e4ge, sofern nicht ausdr\u00fccklich etwas anderes vereinbart wird. &hellip; <\/p>\n<p class=\"link-more\"><a href=\"https:\/\/www.seeforyourself.at\/index.php\/allgemeine-geschaeftsbedingungen-coaching-beratung\/\" class=\"more-link\"><span class=\"screen-reader-text\">\u201eAllgemeine Gesch\u00e4ftsbedingungen Coaching &#038; Beratung\u201c<\/span> weiterlesen<\/a><\/p>\n","protected":false},"author":1,"featured_media":0,"parent":0,"menu_order":0,"comment_status":"closed","ping_status":"closed","template":"","meta":{"ngg_post_thumbnail":0},"yoast_head":"<!-- This site is optimized with the Yoast SEO plugin v15.8 - https:\/\/yoast.com\/wordpress\/plugins\/seo\/ -->\n<title>Allgemeine Gesch\u00e4ftsbedingungen Coaching &amp; Beratung - Georg Breiner<\/title>\n<meta name=\"robots\" content=\"index, follow, max-snippet:-1, max-image-preview:large, max-video-preview:-1\" \/>\n<link rel=\"canonical\" href=\"https:\/\/www.seeforyourself.at\/index.php\/allgemeine-geschaeftsbedingungen-coaching-beratung\/\" \/>\n<meta property=\"og:locale\" content=\"de_DE\" \/>\n<meta property=\"og:type\" content=\"article\" \/>\n<meta property=\"og:title\" content=\"Allgemeine Gesch\u00e4ftsbedingungen Coaching &amp; Beratung - Georg Breiner\" \/>\n<meta property=\"og:description\" content=\"1. Allgemeines Georg Breiner f\u00fchrt als Auftragnehmer (AN) Coaching und Beratung gem\u00e4\u00df diesen Allgemeinen Gesch\u00e4ftsbedingungen (AGB) f\u00fcr den Klienten als Auftraggeber (AG) durch. Mit der Beauftragung gelten diese Bedingungen als angenommen. Abweichungen von diesen AGB m\u00fcssen schriftlich vereinbart werden. Die von AG und AN abgeschlossenen Vertr\u00e4ge sind Dienstvertr\u00e4ge, sofern nicht ausdr\u00fccklich etwas anderes vereinbart wird. &hellip; \u201eAllgemeine Gesch\u00e4ftsbedingungen Coaching &#038; Beratung\u201c weiterlesen\" \/>\n<meta property=\"og:url\" content=\"https:\/\/www.seeforyourself.at\/index.php\/allgemeine-geschaeftsbedingungen-coaching-beratung\/\" \/>\n<meta property=\"og:site_name\" content=\"Georg Breiner\" \/>\n<meta property=\"article:modified_time\" content=\"2019-09-18T21:53:38+00:00\" \/>\n<meta name=\"twitter:card\" content=\"summary_large_image\" \/>\n<meta name=\"twitter:label1\" content=\"Gesch\u00e4tzte Lesezeit\">\n\t<meta name=\"twitter:data1\" content=\"4 Minuten\">\n<script type=\"application\/ld+json\" class=\"yoast-schema-graph\">{\"@context\":\"https:\/\/schema.org\",\"@graph\":[{\"@type\":\"WebSite\",\"@id\":\"http:\/\/www.seeforyourself.at\/#website\",\"url\":\"http:\/\/www.seeforyourself.at\/\",\"name\":\"Seeforyourself\",\"description\":\"See For Yourself\",\"potentialAction\":[{\"@type\":\"SearchAction\",\"target\":\"http:\/\/www.seeforyourself.at\/?s={search_term_string}\",\"query-input\":\"required name=search_term_string\"}],\"inLanguage\":\"de-DE\"},{\"@type\":\"WebPage\",\"@id\":\"https:\/\/www.seeforyourself.at\/index.php\/allgemeine-geschaeftsbedingungen-coaching-beratung\/#webpage\",\"url\":\"https:\/\/www.seeforyourself.at\/index.php\/allgemeine-geschaeftsbedingungen-coaching-beratung\/\",\"name\":\"Allgemeine Gesch\\u00e4ftsbedingungen Coaching & Beratung - Georg Breiner\",\"isPartOf\":{\"@id\":\"http:\/\/www.seeforyourself.at\/#website\"},\"datePublished\":\"2019-09-18T21:40:27+00:00\",\"dateModified\":\"2019-09-18T21:53:38+00:00\",\"breadcrumb\":{\"@id\":\"https:\/\/www.seeforyourself.at\/index.php\/allgemeine-geschaeftsbedingungen-coaching-beratung\/#breadcrumb\"},\"inLanguage\":\"de-DE\",\"potentialAction\":[{\"@type\":\"ReadAction\",\"target\":[\"https:\/\/www.seeforyourself.at\/index.php\/allgemeine-geschaeftsbedingungen-coaching-beratung\/\"]}]},{\"@type\":\"BreadcrumbList\",\"@id\":\"https:\/\/www.seeforyourself.at\/index.php\/allgemeine-geschaeftsbedingungen-coaching-beratung\/#breadcrumb\",\"itemListElement\":[{\"@type\":\"ListItem\",\"position\":1,\"item\":{\"@type\":\"WebPage\",\"@id\":\"http:\/\/www.seeforyourself.at\/\",\"url\":\"http:\/\/www.seeforyourself.at\/\",\"name\":\"Home\"}},{\"@type\":\"ListItem\",\"position\":2,\"item\":{\"@type\":\"WebPage\",\"@id\":\"https:\/\/www.seeforyourself.at\/index.php\/allgemeine-geschaeftsbedingungen-coaching-beratung\/\",\"url\":\"https:\/\/www.seeforyourself.at\/index.php\/allgemeine-geschaeftsbedingungen-coaching-beratung\/\",\"name\":\"Allgemeine Gesch\\u00e4ftsbedingungen Coaching &#038; Beratung\"}}]}]}<\/script>\n<!-- \/ Yoast SEO plugin. -->","_links":{"self":[{"href":"https:\/\/www.seeforyourself.at\/index.php\/wp-json\/wp\/v2\/pages\/615"}],"collection":[{"href":"https:\/\/www.seeforyourself.at\/index.php\/wp-json\/wp\/v2\/pages"}],"about":[{"href":"https:\/\/www.seeforyourself.at\/index.php\/wp-json\/wp\/v2\/types\/page"}],"author":[{"embeddable":true,"href":"https:\/\/www.seeforyourself.at\/index.php\/wp-json\/wp\/v2\/users\/1"}],"replies":[{"embeddable":true,"href":"https:\/\/www.seeforyourself.at\/index.php\/wp-json\/wp\/v2\/comments?post=615"}],"version-history":[{"count":1,"href":"https:\/\/www.seeforyourself.at\/index.php\/wp-json\/wp\/v2\/pages\/615\/revisions"}],"predecessor-version":[{"id":616,"href":"https:\/\/www.seeforyourself.at\/index.php\/wp-json\/wp\/v2\/pages\/615\/revisions\/616"}],"wp:attachment":[{"href":"https:\/\/www.seeforyourself.at\/index.php\/wp-json\/wp\/v2\/media?parent=615"}],"curies":[{"name":"wp","href":"https:\/\/api.w.org\/{rel}","templated":true}]}}